{"id":72,"date":"2019-05-24T08:03:18","date_gmt":"2019-05-24T06:03:18","guid":{"rendered":"https:\/\/veranoysaludandalucia.es\/verano2019\/?page_id=72"},"modified":"2024-04-19T12:22:16","modified_gmt":"2024-04-19T10:22:16","slug":"campo","status":"publish","type":"page","link":"https:\/\/www.veranoysaludandalucia.es\/2024\/campo\/","title":{"rendered":"Campo"},"content":{"rendered":"<div class=\"wpb-content-wrapper\"><p>[vc_row full_width=&#8221;stretch_row&#8221; gap=&#8221;0&#8243; css=&#8221;.vc_custom_1622477793018{margin-top: 0px !important;margin-right: 0px !important;margin-bottom: 0px !important;margin-left: 0px !important;padding-top: 0px !important;padding-right: 0px !important;padding-bottom: 0px !important;padding-left: 0px !important;}&#8221;][vc_column css=&#8221;.vc_custom_1622142216200{margin: 0px !important;padding: 0px !important;border: 0px initial !important;}&#8221;]<style>.ld_spacer_69f5b38b40882{height:250px;}<\/style>\n<div class=\"ld-empty-space ld_spacer_69f5b38b40882\"><span class=\"liquid_empty_space_inner\"><\/span><\/div>[vc_single_image image=&#8221;2610&#8243; img_size=&#8221;full&#8221; alignment=&#8221;center&#8221;][\/vc_column][\/vc_row][vc_row gap=&#8221;0&#8243; css=&#8221;.vc_custom_1622144126385{margin-top: 0px !important;margin-right: 0px !important;margin-bottom: 0px !important;margin-left: 0px !important;border-top-width: 0px !important;border-right-width: 0px !important;border-bottom-width: 0px !important;border-left-width: 0px !important;padding-top: 0px !important;padding-right: 0px !important;padding-bottom: 0px !important;padding-left: 0px !important;border-left-style: solid !important;border-right-style: solid !important;border-top-style: solid !important;border-bottom-style: solid !important;}&#8221;][vc_column css=&#8221;.vc_custom_1622144222319{margin-top: -150px !important;}&#8221;][vc_row_inner css=&#8221;.vc_custom_1713522041178{margin-top: 0px !important;margin-right: 60px !important;margin-bottom: 0px !important;margin-left: 60px !important;border-top-width: 1px !important;border-right-width: 1px !important;border-bottom-width: 1px !important;border-left-width: 1px !important;padding-top: 40px !important;padding-right: 40px !important;padding-bottom: 40px !important;padding-left: 40px !important;background-color: #e0bae2 !important;border-radius: 30px !important;}&#8221;][vc_column_inner]<style>.ld_section_title_69f5b38b40bea h2{font-size:40px;color:rgb(255, 255, 255);margin-bottom:0px !important;;}<\/style><header class=\"fancy-title ld_section_title_69f5b38b40bea vc_custom_1622479590024\">\n\t<h2>En el campo y en la sierra<\/h2>\t\t<\/header>[vc_column_text el_class=&#8221;blanco&#8221; css=&#8221;.vc_custom_1683390303649{margin-top: 5px !important;}&#8221;]<span style=\"color: #000000;\">Durante el verano, si vamos a estar de vacaciones en el campo o la sierra, es conveniente tener en cuenta algunas recomendaciones. Te lo contamos a continuaci\u00f3n<\/span>[\/vc_column_text][\/vc_column_inner][\/vc_row_inner]<style>.ld_spacer_69f5b38b41009{height:50px;}<\/style>\n<div class=\"ld-empty-space ld_spacer_69f5b38b41009\"><span class=\"liquid_empty_space_inner\"><\/span><\/div>[\/vc_column][\/vc_row][vc_row bg_position=&#8221;right center&#8221; css=&#8221;.vc_custom_1559154747814{margin-top: 0px !important;padding-top: 0px !important;background-position: center !important;background-repeat: no-repeat !important;background-size: cover !important;}&#8221;][vc_column][vc_row_inner][vc_column_inner offset=&#8221;vc_col-lg-8&#8243;]<style>.ld_section_title_69f5b38b412ad h2{color:rgb(238, 73, 35);}<\/style><header class=\"fancy-title ld_section_title_69f5b38b412ad vc_custom_1559585560021\">\n\t<h2><i class=\"fa fa-hand-o-right\"><\/i> Recuerde<\/h2>\t\t<\/header>[\/vc_column_inner][\/vc_row_inner][vc_row_inner content_placement=&#8221;top&#8221; bg_position=&#8221;right center&#8221; css=&#8221;.vc_custom_1683390333353{margin-top: 0px !important;margin-bottom: 20px !important;padding-top: 0px !important;background-position: center !important;background-repeat: no-repeat !important;background-size: contain !important;}&#8221;][vc_column_inner width=&#8221;1\/3&#8243; css=&#8221;.vc_custom_1559157072420{padding-right: 20px !important;padding-left: 20px !important;}&#8221;][vc_column_text el_class=&#8221;milista&#8221;]<\/p>\n<ul>\n<li>Acampar en lugares autorizados.<\/li>\n<li>Instalar el picnic o la zona de acampada lejos de colmenas, avisperos y de pinos con bolsas de procesionaria.<\/li>\n<li>Cerrar la tienda de campa\u00f1a durante el d\u00eda cuando no se utilice y durante la noche. inspeccionar la tienda de campa\u00f1a antes de acostarse. Por la ma\u00f1ana, revisar el calzado si se ha dejado fuera, antes de calzarlo.<\/li>\n<li>No permanecer un tiempo prolongado dentro de la tienda durante el d\u00eda a pleno sol.<\/li>\n<\/ul>\n<p>[\/vc_column_text][\/vc_column_inner][vc_column_inner width=&#8221;1\/3&#8243; css=&#8221;.vc_custom_1559151438481{padding-right: 20px !important;padding-left: 20px !important;}&#8221;][vc_column_text el_class=&#8221;milista&#8221;]<\/p>\n<ul>\n<li>Extremar la precauci\u00f3n con avisperos o colmenas y si hay piedras, tener especial cuidado pues debajo pueden alojarse insectos o animales peligrosos.<\/li>\n<li>Evitar tener \u2018camping-gas\u2019, \u2018lumo-gas\u2019 y barbacoas dentro o cerca de la tienda de campa\u00f1a y mantener a los ni\u00f1os alejados de ellos.<\/li>\n<li>No dejar al alcance de los ni\u00f1os pastillas de encender fuego (son muy t\u00f3xicas), cuchillos, tijeras, medicamentos, etc.<\/li>\n<li>Ba\u00f1arse en zonas que no entra\u00f1en peligro. Secarse y cubrirse despu\u00e9s del ba\u00f1o con una camiseta para evitar posibles picaduras de insectos.<\/li>\n<\/ul>\n<p>[\/vc_column_text][\/vc_column_inner][vc_column_inner width=&#8221;1\/3&#8243;][vc_column_text el_class=&#8221;milista&#8221;]<\/p>\n<ul>\n<li>Proteger la comida con envoltorios o envases adecuados y utilizar los contenedores para depositar los residuos. Los alimentos pueden atraer a insectos como avispas, abejas, moscas, etc. y contaminarse con pelos urticantes de orugas.<\/li>\n<li>Los repelentes contra mosquitos no son necesarios a no ser que estemos en una zona donde abunden y en el atardecer o durante la noche. Conviene tener mosquiteras en los accesos a la tienda de campa\u00f1a o a la casa o protegerse con telas de mosquitera mientras se duerme.<\/li>\n<\/ul>\n<p>[\/vc_column_text][\/vc_column_inner][\/vc_row_inner][\/vc_column][\/vc_row]<\/p>\n<\/div>","protected":false},"excerpt":{"rendered":"<p>[vc_row full_width=&#8221;stretch_row&#8221; gap=&#8221;0&#8243; css=&#8221;.vc_custom_1622477793018{margin-top: 0px !important;margin-right: 0px !important;margin-bottom: 0px !important;margin-left: 0px !important;padding-top: 0px !important;padding-right: 0px !important;padding-bottom: 0px !important;padding-left: 0px !important;}&#8221;][vc_column css=&#8221;.vc_custom_1622142216200{margin: 0px !important;padding: 0px !important;border: 0px initial !important;}&#8221;][vc_single_image image=&#8221;2610&#8243; img_size=&#8221;full&#8221; alignment=&#8221;center&#8221;][\/vc_column][\/vc_row][vc_row gap=&#8221;0&#8243; css=&#8221;.vc_custom_1622144126385{margin-top: 0px !important;margin-right: 0px !important;margin-bottom: 0px !important;margin-left: 0px !important;border-top-width: 0px !important;border-right-width: 0px !important;border-bottom-width: 0px !important;border-left-width: 0px !important;padding-top: 0px !important;padding-right: 0px !important;padding-bottom: 0px !important;padding-left: [&hellip;]<\/p>\n","protected":false},"author":75,"featured_media":0,"parent":0,"menu_order":0,"comment_status":"closed","ping_status":"closed","template":"","meta":{"footnotes":""},"class_list":["post-72","page","type-page","status-publish","hentry"],"_links":{"self":[{"href":"https:\/\/www.veranoysaludandalucia.es\/2024\/wp-json\/wp\/v2\/pages\/72","targetHints":{"allow":["GET"]}}],"collection":[{"href":"https:\/\/www.veranoysaludandalucia.es\/2024\/wp-json\/wp\/v2\/pages"}],"about":[{"href":"https:\/\/www.veranoysaludandalucia.es\/2024\/wp-json\/wp\/v2\/types\/page"}],"author":[{"embeddable":true,"href":"https:\/\/www.veranoysaludandalucia.es\/2024\/wp-json\/wp\/v2\/users\/75"}],"replies":[{"embeddable":true,"href":"https:\/\/www.veranoysaludandalucia.es\/2024\/wp-json\/wp\/v2\/comments?post=72"}],"version-history":[{"count":20,"href":"https:\/\/www.veranoysaludandalucia.es\/2024\/wp-json\/wp\/v2\/pages\/72\/revisions"}],"predecessor-version":[{"id":2684,"href":"https:\/\/www.veranoysaludandalucia.es\/2024\/wp-json\/wp\/v2\/pages\/72\/revisions\/2684"}],"wp:attachment":[{"href":"https:\/\/www.veranoysaludandalucia.es\/2024\/wp-json\/wp\/v2\/media?parent=72"}],"curies":[{"name":"wp","href":"https:\/\/api.w.org\/{rel}","templated":true}]}}

<div class="wpb-content-wrapper"><p>[vc_row full_width=&#8221;stretch_row&#8221; gap=&#8221;0&#8243; css=&#8221;.vc_custom_1622477793018{margin-top: 0px !important;margin-right: 0px !important;margin-bottom: 0px !important;margin-left: 0px !important;padding-top: 0px !important;padding-right: 0px !important;padding-bottom: 0px !important;padding-left: 0px !important;}&#8221;][vc_column css=&#8221;.vc_custom_1622142216200{margin: 0px !important;padding: 0px !important;border: 0px initial !important;}&#8221;]<style>.ld_spacer_69f5b38b40882{height:250px;}</style>
<div class="ld-empty-space ld_spacer_69f5b38b40882"><span class="liquid_empty_space_inner"></span></div>[vc_single_image image=&#8221;2610&#8243; img_size=&#8221;full&#8221; alignment=&#8221;center&#8221;][/vc_column][/vc_row][vc_row gap=&#8221;0&#8243; css=&#8221;.vc_custom_1622144126385{margin-top: 0px !important;margin-right: 0px !important;margin-bottom: 0px !important;margin-left: 0px !important;border-top-width: 0px !important;border-right-width: 0px !important;border-bottom-width: 0px !important;border-left-width: 0px !important;padding-top: 0px !important;padding-right: 0px !important;padding-bottom: 0px !important;padding-left: 0px !important;border-left-style: solid !important;border-right-style: solid !important;border-top-style: solid !important;border-bottom-style: solid !important;}&#8221;][vc_column css=&#8221;.vc_custom_1622144222319{margin-top: -150px !important;}&#8221;][vc_row_inner css=&#8221;.vc_custom_1713522041178{margin-top: 0px !important;margin-right: 60px !important;margin-bottom: 0px !important;margin-left: 60px !important;border-top-width: 1px !important;border-right-width: 1px !important;border-bottom-width: 1px !important;border-left-width: 1px !important;padding-top: 40px !important;padding-right: 40px !important;padding-bottom: 40px !important;padding-left: 40px !important;background-color: #e0bae2 !important;border-radius: 30px !important;}&#8221;][vc_column_inner]<style>.ld_section_title_69f5b38b40bea h2{font-size:40px;color:rgb(255, 255, 255);margin-bottom:0px !important;;}</style><header class="fancy-title ld_section_title_69f5b38b40bea vc_custom_1622479590024">
	<h2>En el campo y en la sierra</h2>		</header>[vc_column_text el_class=&#8221;blanco&#8221; css=&#8221;.vc_custom_1683390303649{margin-top: 5px !important;}&#8221;]<span style="color: #000000;">Durante el verano, si vamos a estar de vacaciones en el campo o la sierra, es conveniente tener en cuenta algunas recomendaciones. Te lo contamos a continuación</span>[/vc_column_text][/vc_column_inner][/vc_row_inner]<style>.ld_spacer_69f5b38b41009{height:50px;}</style>
<div class="ld-empty-space ld_spacer_69f5b38b41009"><span class="liquid_empty_space_inner"></span></div>[/vc_column][/vc_row][vc_row bg_position=&#8221;right center&#8221; css=&#8221;.vc_custom_1559154747814{margin-top: 0px !important;padding-top: 0px !important;background-position: center !important;background-repeat: no-repeat !important;background-size: cover !important;}&#8221;][vc_column][vc_row_inner][vc_column_inner offset=&#8221;vc_col-lg-8&#8243;]<style>.ld_section_title_69f5b38b412ad h2{color:rgb(238, 73, 35);}</style><header class="fancy-title ld_section_title_69f5b38b412ad vc_custom_1559585560021">
	<h2><i class="fa fa-hand-o-right"></i> Recuerde</h2>		</header>[/vc_column_inner][/vc_row_inner][vc_row_inner content_placement=&#8221;top&#8221; bg_position=&#8221;right center&#8221; css=&#8221;.vc_custom_1683390333353{margin-top: 0px !important;margin-bottom: 20px !important;padding-top: 0px !important;background-position: center !important;background-repeat: no-repeat !important;background-size: contain !important;}&#8221;][vc_column_inner width=&#8221;1/3&#8243; css=&#8221;.vc_custom_1559157072420{padding-right: 20px !important;padding-left: 20px !important;}&#8221;][vc_column_text el_class=&#8221;milista&#8221;]</p>
<ul>
<li>Acampar en lugares autorizados.</li>
<li>Instalar el picnic o la zona de acampada lejos de colmenas, avisperos y de pinos con bolsas de procesionaria.</li>
<li>Cerrar la tienda de campaña durante el día cuando no se utilice y durante la noche. inspeccionar la tienda de campaña antes de acostarse. Por la mañana, revisar el calzado si se ha dejado fuera, antes de calzarlo.</li>
<li>No permanecer un tiempo prolongado dentro de la tienda durante el día a pleno sol.</li>
</ul>
<p>[/vc_column_text][/vc_column_inner][vc_column_inner width=&#8221;1/3&#8243; css=&#8221;.vc_custom_1559151438481{padding-right: 20px !important;padding-left: 20px !important;}&#8221;][vc_column_text el_class=&#8221;milista&#8221;]</p>
<ul>
<li>Extremar la precaución con avisperos o colmenas y si hay piedras, tener especial cuidado pues debajo pueden alojarse insectos o animales peligrosos.</li>
<li>Evitar tener ‘camping-gas’, ‘lumo-gas’ y barbacoas dentro o cerca de la tienda de campaña y mantener a los niños alejados de ellos.</li>
<li>No dejar al alcance de los niños pastillas de encender fuego (son muy tóxicas), cuchillos, tijeras, medicamentos, etc.</li>
<li>Bañarse en zonas que no entrañen peligro. Secarse y cubrirse después del baño con una camiseta para evitar posibles picaduras de insectos.</li>
</ul>
<p>[/vc_column_text][/vc_column_inner][vc_column_inner width=&#8221;1/3&#8243;][vc_column_text el_class=&#8221;milista&#8221;]</p>
<ul>
<li>Proteger la comida con envoltorios o envases adecuados y utilizar los contenedores para depositar los residuos. Los alimentos pueden atraer a insectos como avispas, abejas, moscas, etc. y contaminarse con pelos urticantes de orugas.</li>
<li>Los repelentes contra mosquitos no son necesarios a no ser que estemos en una zona donde abunden y en el atardecer o durante la noche. Conviene tener mosquiteras en los accesos a la tienda de campaña o a la casa o protegerse con telas de mosquitera mientras se duerme.</li>
</ul>
<p>[/vc_column_text][/vc_column_inner][/vc_row_inner][/vc_column][/vc_row]</p>
</div>
